[INFO] cloning repository https://github.com/stephenjayakar/rustracer
[INFO] running `Command { std: "git" "-c" "credential.helper=" "-c" "credential.helper=/workspace/cargo-home/bin/git-credential-null" "clone" "--bare" "https://github.com/stephenjayakar/rustracer" "/workspace/cache/git-repos/https%3A%2F%2Fgithub.com%2Fstephenjayakar%2Frustracer", kill_on_drop: false }`
[INFO] [stderr] Cloning into bare repository '/workspace/cache/git-repos/https%3A%2F%2Fgithub.com%2Fstephenjayakar%2Frustracer'...
[INFO] running `Command { std: "git" "rev-parse" "HEAD", kill_on_drop: false }`
[INFO] [stdout] cefd473dcf2e8575150efc71873e5e463b0b0231
[INFO] checking stephenjayakar/rustracer against master#af3c6e733a40e671550e0f0f5aeecaa13772ba56 for pr-74989
[INFO] running `Command { std: "git" "clone" "/workspace/cache/git-repos/https%3A%2F%2Fgithub.com%2Fstephenjayakar%2Frustracer" "/workspace/builds/worker-10/source", kill_on_drop: false }`
[INFO] [stderr] Cloning into '/workspace/builds/worker-10/source'...
[INFO] [stderr] done.
[INFO] validating manifest of git repo https://github.com/stephenjayakar/rustracer on toolchain af3c6e733a40e671550e0f0f5aeecaa13772ba56
[INFO] running `Command { std: "/workspace/cargo-home/bin/cargo" "+af3c6e733a40e671550e0f0f5aeecaa13772ba56" "read-manifest" "--manifest-path" "Cargo.toml", kill_on_drop: false }`
[INFO] started tweaking git repo https://github.com/stephenjayakar/rustracer
[INFO] finished tweaking git repo https://github.com/stephenjayakar/rustracer
[INFO] tweaked toml for git repo https://github.com/stephenjayakar/rustracer written to /workspace/builds/worker-10/source/Cargo.toml
[INFO] crate git repo https://github.com/stephenjayakar/rustracer already has a lockfile, it will not be regenerated
[INFO] running `Command { std: "/workspace/cargo-home/bin/cargo" "+af3c6e733a40e671550e0f0f5aeecaa13772ba56" "fetch" "--locked" "--manifest-path" "Cargo.toml", kill_on_drop: false }`
[INFO] running `Command { std: "docker" "create" "-v" "/var/lib/crater-agent-workspace/builds/worker-10/target:/opt/rustwide/target:rw,Z" "-v" "/var/lib/crater-agent-workspace/builds/worker-10/source:/opt/rustwide/workdir:ro,Z" "-v" "/var/lib/crater-agent-workspace/cargo-home:/opt/rustwide/cargo-home:ro,Z" "-v" "/var/lib/crater-agent-workspace/rustup-home:/opt/rustwide/rustup-home:ro,Z" "-e" "SOURCE_DIR=/opt/rustwide/workdir" "-e" "CARGO_TARGET_DIR=/opt/rustwide/target" "-e" "CARGO_HOME=/opt/rustwide/cargo-home" "-e" "RUSTUP_HOME=/opt/rustwide/rustup-home" "-w" "/opt/rustwide/workdir" "-m" "1610612736" "--user" "0:0" "--network" "none" "rustops/crates-build-env@sha256:d92eaeed33fa75130ca1ee6c8a01d1ffb62bac859dfdfb3450e3e5d1c0146529" "/opt/rustwide/cargo-home/bin/cargo" "+af3c6e733a40e671550e0f0f5aeecaa13772ba56" "metadata" "--no-deps" "--format-version=1", kill_on_drop: false }`
[INFO] [stdout] 93bc74f6acdcfddd4ef69709c27964d5bf96afd87f77444a008194936b6dc950
[INFO] [stderr] WARNING: Your kernel does not support swap limit capabilities or the cgroup is not mounted. Memory limited without swap.
[INFO] running `Command { std: "docker" "start" "-a" "93bc74f6acdcfddd4ef69709c27964d5bf96afd87f77444a008194936b6dc950", kill_on_drop: false }`
[INFO] running `Command { std: "docker" "inspect" "93bc74f6acdcfddd4ef69709c27964d5bf96afd87f77444a008194936b6dc950", kill_on_drop: false }`
[INFO] running `Command { std: "docker" "rm" "-f" "93bc74f6acdcfddd4ef69709c27964d5bf96afd87f77444a008194936b6dc950", kill_on_drop: false }`
[INFO] [stdout] 93bc74f6acdcfddd4ef69709c27964d5bf96afd87f77444a008194936b6dc950
[INFO] running `Command { std: "docker" "create" "-v" "/var/lib/crater-agent-workspace/builds/worker-10/target:/opt/rustwide/target:rw,Z" "-v" "/var/lib/crater-agent-workspace/builds/worker-10/source:/opt/rustwide/workdir:ro,Z" "-v" "/var/lib/crater-agent-workspace/cargo-home:/opt/rustwide/cargo-home:ro,Z" "-v" "/var/lib/crater-agent-workspace/rustup-home:/opt/rustwide/rustup-home:ro,Z" "-e" "SOURCE_DIR=/opt/rustwide/workdir" "-e" "CARGO_TARGET_DIR=/opt/rustwide/target" "-e" "CARGO_INCREMENTAL=0" "-e" "RUST_BACKTRACE=full" "-e" "RUSTFLAGS=--cap-lints=forbid" "-e" "CARGO_HOME=/opt/rustwide/cargo-home" "-e" "RUSTUP_HOME=/opt/rustwide/rustup-home" "-w" "/opt/rustwide/workdir" "-m" "1610612736" "--user" "0:0" "--network" "none" "rustops/crates-build-env@sha256:d92eaeed33fa75130ca1ee6c8a01d1ffb62bac859dfdfb3450e3e5d1c0146529" "/opt/rustwide/cargo-home/bin/cargo" "+af3c6e733a40e671550e0f0f5aeecaa13772ba56" "check" "--frozen" "--all" "--all-targets" "--message-format=json", kill_on_drop: false }`
[INFO] [stderr] WARNING: Your kernel does not support swap limit capabilities or the cgroup is not mounted. Memory limited without swap.
[INFO] [stdout] 4cdac1fa06727951ffe6a81b7ec7212905418667aae3d94d5e78f2d68da95efe
[INFO] running `Command { std: "docker" "start" "-a" "4cdac1fa06727951ffe6a81b7ec7212905418667aae3d94d5e78f2d68da95efe", kill_on_drop: false }`
[INFO] [stderr]    Compiling version-compare v0.0.10
[INFO] [stderr]    Compiling cfg-if v0.1.10
[INFO] [stderr]    Compiling libc v0.2.74
[INFO] [stderr]    Compiling bitflags v1.2.1
[INFO] [stderr]    Compiling sdl2 v0.34.2
[INFO] [stderr]    Compiling sdl2-sys v0.34.2
[INFO] [stderr]     Checking rustracer v0.1.0 (/opt/rustwide/workdir)
[INFO] [stdout] error[E0061]: this function takes 3 arguments but 2 arguments were supplied
[INFO] [stdout]    --> src/objects.rs:140:12
[INFO] [stdout]     |
[INFO] [stdout] 140 |     let ray = Ray::new(&origin, &direction);
[INFO] [stdout]     |               ^^^^^^^^ -------  ---------- supplied 2 arguments
[INFO] [stdout]     |               |
[INFO] [stdout]     |               expected 3 arguments
[INFO] [stdout]     | 
[INFO] [stdout]    ::: src/primitives.rs:36:5
[INFO] [stdout]     |
[INFO] [stdout] 36  |     pub fn new(origin: Point, direction: Vector, bounces_left: u32) -> Ray {
[INFO] [stdout]     |     ---------------------------------------------------------------------- defined here
[INFO] [stdout] 
[INFO] [stdout] 
[INFO] [stdout] error[E0061]: this function takes 3 arguments but 2 arguments were supplied
[INFO] [stdout]    --> src/objects.rs:141:15
[INFO] [stdout]     |
[INFO] [stdout] 61  |     pub fn new(center: Point, radius: f64, material: Material) -> Sphere {
[INFO] [stdout]     |     -------------------------------------------------------------------- defined here
[INFO] [stdout] ...
[INFO] [stdout] 141 |     let sphere = Sphere::new(Point::new(0.0, 0.0, -4.0), 2.0);
[INFO] [stdout]     |                  ^^^^^^^^^^^ --------------------------  --- supplied 2 arguments
[INFO] [stdout]     |                  |
[INFO] [stdout]     |                  expected 3 arguments
[INFO] [stdout] 
[INFO] [stdout] 
[INFO] [stdout] error[E0061]: this function takes 3 arguments but 2 arguments were supplied
[INFO] [stdout]    --> src/objects.rs:145:24
[INFO] [stdout]     |
[INFO] [stdout] 145 |     let ray_that_misses = Ray::new(&origin, &vector_that_misses);
[INFO] [stdout]     |                           ^^^^^^^^ -------  ------------------- supplied 2 arguments
[INFO] [stdout]     |                           |
[INFO] [stdout]     |                           expected 3 arguments
[INFO] [stdout]     | 
[INFO] [stdout]    ::: src/primitives.rs:36:5
[INFO] [stdout]     |
[INFO] [stdout] 36  |     pub fn new(origin: Point, direction: Vector, bounces_left: u32) -> Ray {
[INFO] [stdout]     |     ---------------------------------------------------------------------- defined here
[INFO] [stdout] 
[INFO] [stdout] 
[INFO] [stdout] error: aborting due to 3 previous errors
[INFO] [stdout] 
[INFO] [stdout] 
[INFO] [stdout] For more information about this error, try `rustc --explain E0061`.
[INFO] [stdout] 
[INFO] [stderr] error: could not compile `rustracer`.
[INFO] [stderr] 
[INFO] [stderr] To learn more, run the command again with --verbose.
[INFO] [stderr] warning: build failed, waiting for other jobs to finish...
[INFO] [stdout] warning: value assigned to `intersection_point` is never read
[INFO] [stdout]    --> src/main.rs:136:3
[INFO] [stdout]     |
[INFO] [stdout] 136 |         intersection_point = intersection_point + surface_normal.scale(EPS);
[INFO] [stdout]     |         ^^^^^^^^^^^^^^^^^^
[INFO] [stdout]     |
[INFO] [stdout]     = note: `#[warn(unused_assignments)]` on by default
[INFO] [stdout]     = help: maybe it is overwritten before being read?
[INFO] [stdout] 
[INFO] [stdout] 
[INFO] [stdout] warning: unused variable: `wi`
[INFO] [stdout]   --> src/objects.rs:42:31
[INFO] [stdout]    |
[INFO] [stdout] 42 |     pub fn sample_bsdf(&self, wi: Vector, wo: Vector) -> Spectrum {
[INFO] [stdout]    |                               ^^ help: if this is intentional, prefix it with an underscore: `_wi`
[INFO] [stdout]    |
[INFO] [stdout]    = note: `#[warn(unused_variables)]` on by default
[INFO] [stdout] 
[INFO] [stdout] 
[INFO] [stdout] warning: unused variable: `wo`
[INFO] [stdout]   --> src/objects.rs:42:43
[INFO] [stdout]    |
[INFO] [stdout] 42 |     pub fn sample_bsdf(&self, wi: Vector, wo: Vector) -> Spectrum {
[INFO] [stdout]    |                                           ^^ help: if this is intentional, prefix it with an underscore: `_wo`
[INFO] [stdout] 
[INFO] [stdout] 
[INFO] [stdout] warning: unused variable: `wi`
[INFO] [stdout]   --> src/objects.rs:50:26
[INFO] [stdout]    |
[INFO] [stdout] 50 |     pub fn bounce(&self, wi: Vector) -> Vector {
[INFO] [stdout]    |                          ^^ help: if this is intentional, prefix it with an underscore: `_wi`
[INFO] [stdout] 
[INFO] [stdout] 
[INFO] [stdout] warning: associated function is never used: `new_normalized`
[INFO] [stdout]   --> src/primitives.rs:79:12
[INFO] [stdout]    |
[INFO] [stdout] 79 |     pub fn new_normalized(x: f64, y: f64, z: f64) -> Vector {
[INFO] [stdout]    |            ^^^^^^^^^^^^^^
[INFO] [stdout]    |
[INFO] [stdout]    = note: `#[warn(dead_code)]` on by default
[INFO] [stdout] 
[INFO] [stdout] 
[INFO] [stdout] warning: associated function is never used: `sample_bsdf`
[INFO] [stdout]   --> src/objects.rs:42:12
[INFO] [stdout]    |
[INFO] [stdout] 42 |     pub fn sample_bsdf(&self, wi: Vector, wo: Vector) -> Spectrum {
[INFO] [stdout]    |            ^^^^^^^^^^^
[INFO] [stdout] 
[INFO] [stdout] 
[INFO] [stdout] warning: associated function is never used: `bounce`
[INFO] [stdout]   --> src/objects.rs:50:12
[INFO] [stdout]    |
[INFO] [stdout] 50 |     pub fn bounce(&self, wi: Vector) -> Vector {
[INFO] [stdout]    |            ^^^^^^
[INFO] [stdout] 
[INFO] [stdout] 
[INFO] [stdout] warning: 7 warnings emitted
[INFO] [stdout] 
[INFO] [stdout] 
[INFO] [stderr] error: build failed
[INFO] running `Command { std: "docker" "inspect" "4cdac1fa06727951ffe6a81b7ec7212905418667aae3d94d5e78f2d68da95efe", kill_on_drop: false }`
[INFO] running `Command { std: "docker" "rm" "-f" "4cdac1fa06727951ffe6a81b7ec7212905418667aae3d94d5e78f2d68da95efe", kill_on_drop: false }`
[INFO] [stdout] 4cdac1fa06727951ffe6a81b7ec7212905418667aae3d94d5e78f2d68da95efe
